actors of 5873252.
2, 7, 11, 19069
List the prime factors of 33162532.
2, 13, 49057
List the prime factors of 803597.
23, 34939
What are the prime factors of 840675?
3, 5, 11, 1019
List the prime factors of 23852.
2, 67, 89
List the prime factors of 3093877.
79, 39163
List the prime factors of 3077338.
2, 11, 43, 3253
List the prime factors of 15052366.
2, 7, 1075169
List the prime factors of 4393930.
2, 5, 89, 4937
List the prime factors of 760351.
29, 157, 167
What are the prime factors of 24614561?
1597, 15413
What are the prime factors of 939679?
13, 41, 43
List the prime factors of 884760.
2, 3, 5, 73, 101
List the prime factors of 690993.
3, 76777
List the prime factors of 2464181.
127, 19403
List the prime factors of 711896.
2, 23, 53, 73
List the prime factors of 3545794.
2, 7, 233, 1087
What are the prime factors of 2554383?
3, 13, 65497
List the prime factors of 4503103.
11, 179, 2287
List the prime factors of 4889830.
2, 5, 11, 44453
What are the prime factors of 18355379?
7, 31, 251, 337
What are the prime factors of 298944?
2, 3, 173
List the prime factors of 510473.
19, 67, 401
What are the prime factors of 6029657?
23, 317, 827
What are the prime factors of 1088880?
2, 3, 5, 13, 349
List the prime factors of 129190.
2, 5, 12919
List the prime factors of 1060032.
2, 3, 5521
List the prime factors of 369421.
13, 157, 181
What are the prime factors of 778329?
3, 3203
What are the prime factors of 163531?
29, 5639
List the prime factors of 1434793.
1434793
List the prime factors of 350709.
3, 116903
What are the prime factors of 3113418?
2, 3, 7, 11, 23, 293
What are the prime factors of 656013?
3, 17, 19, 677
What are the prime factors of 453910?
2, 5, 19, 2389
List the prime factors of 13167525.
3, 5, 7, 3583
List the prime factors of 171273.
3, 37, 1543
List the prime factors of 47311.
11, 17, 23
What are the prime factors of 273654?
2, 3, 23, 661
What are the prime factors of 1838730?
2, 3, 5, 61291
What are the prime factors of 24709325?
5, 31, 31883
What are the prime factors of 34228?
2, 43, 199
List the prime factors of 216773.
239, 907
List the prime factors of 21590475.
3, 5, 287873
List the prime factors of 238208.
2, 1861
List the prime factors of 1127293.
593, 1901
What are the prime factors of 13895105?
5, 7, 23, 41, 421
What are the prime factors of 1931411?
1931411
What are the prime factors of 3659304?
2, 3, 11, 83, 167
List the prime factors of 57159.
3, 29, 73
What are the prime factors of 147197?
147197
List the prime factors of 156652.
2, 39163
What are the prime factors of 665000?
2, 5, 7, 19
List the prime factors of 513051.
3, 7, 11, 2221
List the prime factors of 2385718.
2, 137, 8707
What are the prime factors of 13273106?
2, 7, 11, 79, 1091
What are the prime factors of 549231?
3, 29, 59, 107
What are the prime factors of 216134?
2, 53, 2039
List the prime factors of 3490203.
3, 73, 15937
What are the prime factors of 168054?
2, 3, 37, 757
List the prime factors of 1288296.
2, 3, 29, 617
What are the prime factors of 145717?
11, 13, 1019
What are the prime factors of 765033?
3, 271, 941
List the prime factors of 4499423.
4499423
List the prime factors of 6247074.
2, 3, 367, 2837
List the prime factors of 227610.
2, 3, 5, 281
What are the prime factors of 151695?
3, 5, 3371
What are the prime factors of 2896505?
5, 23, 89, 283
List the prime factors of 31473865.
5, 37, 61, 2789
What are the prime factors of 6244062?
2, 3, 11, 89, 1063
What are the prime factors of 6317320?
2, 5, 157933
What are the prime factors of 9002405?
5, 877, 2053
List the prime factors of 136069.
136069
What are the prime factors of 464647?
464647
List the prime factors of 3465573.
3, 281, 4111
What are the prime factors of 5678764?
2, 7, 13, 15601
What are the prime factors of 170723?
7, 29
What are the prime factors of 952509?
3, 317503
List the prime factors of 39916528.
2, 29, 86027
What are the prime factors of 346660?
2, 5, 17333
What are the prime factors of 2098867?
2098867
List the prime factors of 75554.
2, 37, 1021
What are the prime factors of 17720466?
2, 3, 2953411
What are the prime factors of 225171?
3, 127, 197
What are the prime factors of 202911?
3, 239, 283
What are the prime factors of 407851?
37, 73, 151
List the prime factors of 5125690.
2, 5, 512569
List the prime factors of 415066.
2, 37, 71, 79
List the prime factors of 3824658.
2, 3, 23609
What are the prime factors of 653862?
2, 3, 11, 9907
What are the prime factors of 1802924?
2, 23, 19597
List the prime factors of 411275.
5, 16451
List the prime factors of 523835.
5, 13, 8059
What are the prime factors of 432763?
19, 22777
What are the prime factors of 6704599?
11, 609509
What are the prime factors of 65084?
2, 53, 307
What are the prime factors of 64599?
3, 61, 353
List the prime factors of 8640234.
2, 3, 480013
List the prime factors of 1215127.
223, 5449
What are the prime factors of 667459?
13, 51343
List the prime factors of 209111.
7, 29873
List the prime factors of 11080104.
2, 3, 7, 101, 653
What are the prime factors of 352054?
2, 103, 1709
What are the prime factors of 403916?
2, 241, 419
What are the prime factors of 171991?
293, 587
What are the prime factors of 18879570?
2, 3, 5, 89, 2357
List the prime factors of 373828.
2, 7, 13, 79
List the prime factors of 190589.
7, 19, 1433
List the prime factors of 27833684.
2, 2311, 3011
List the prime factors of 23298822.
2, 3, 107, 12097
List the prime factors of 299004.
2, 3, 24917
What are the prime factors of 557400?
2, 3, 5, 929
What are the prime factors of 757765?
5, 151553
List the prime factors of 11734278.
2, 3, 23, 3697
List the prime factors of 2527968.
2, 3, 17, 1549
What are the prime factors of 68420?
2, 5, 11, 311
What are the prime factors of 14231654?
2, 139, 51193
List the prime factors of 471944.
2, 11, 31, 173
What are the prime factors of 2423259?
3, 269251
What are the prime factors of 1340324?
2, 335081
List the prime factors of 6533840.
2, 5, 23, 53, 67
List the prime factors of 427333.
427333
What are the prime factors of 86351?
86351
List the prime factors of 503263.
23, 21881
List the prime factors of 512074.
2, 17, 15061
What are the prime factors of 8587038?
2, 3, 1431173
What are the prime factors of 236880?
2, 3, 5, 7, 47
What are the prime factors of 351075?
3, 5, 31, 151
List the prime factors of 3179842.
2, 23, 69127
What are the prime factors of 7031013?
3, 11, 17, 83, 151
What are the prime factors of 417096?
2, 3, 1931
What are the prime factors of 3125841?
3, 17, 61291
What are the prime factors of 10889?
10889
What are the prime factors of 15858298?
2, 31, 137, 1867
What are the prime factors of 1010504?
2, 11, 11483
What are the prime factors of 11389599?
3, 13, 37, 877
List the prime factors of 18490681.
11, 73, 23027
What are the prime factors of 6624443?
7, 37, 25577
What are the prime factors of 481850?
2, 5, 23, 419
List the prime factors of 1616560.
2, 5, 11, 167
What are the prime factors of 362844?
2, 3, 10079
What are the prime factors of 158782?
2, 13, 31, 197
List the prime factors of 5942006.
2, 7, 424429
What are the prime factors of 2414356?
2, 7, 23, 163
What are the prime factors of 121228?
2, 30307
List the prime factors of 5780865.
3, 5, 385391
What are the prime factors of 940534?
2, 7, 67181
List the prime factors of 1801833.
3, 11, 54601
What are the prime factors of 402583?
402583
List the prime factors of 7799869.
7, 11, 29, 499
What are the prime factors of 5165891?
19, 43, 6323
What are the prime factors of 573719?
573719
List the prime factors of 423065.
5, 191, 443
What are the prime factors of 954088?
2, 239, 499
What are the prime factors of 3076237?
3076237
What are the prime factors of 4427041?
4427041
What are the prime factors of 9426855?
3, 5, 73, 8609
List the prime factors of 371778.
2, 3, 11, 43, 131
What are the prime factors of 90684?
2, 3, 11, 229
What are the prime factors of 2892404?
2, 723101
What are the prime factors of 106275?
3, 5, 13, 109
What are the prime factors of 806962?
2, 13, 41, 757
List the prime factors of 95657.
23, 4159
List the prime factors of 144030.
2, 3, 5, 4801
List the prime factors of 29844008.
2, 1361, 2741
What are the prime factors of 1051036?
2, 7, 37537
What are the prime factors o